{"id":27,"date":"2020-10-07T20:39:48","date_gmt":"2020-10-07T20:39:48","guid":{"rendered":"https:\/\/alexanderbdsm.com\/?page_id=27"},"modified":"2026-01-14T23:56:48","modified_gmt":"2026-01-14T23:56:48","slug":"prodom","status":"publish","type":"page","link":"https:\/\/alexanderbdsm.com\/?page_id=27","title":{"rendered":"Tutor BDSM"},"content":{"rendered":"\t\t<div data-elementor-type=\"wp-page\" data-elementor-id=\"27\" class=\"elementor elementor-27\" data-elementor-post-type=\"page\">\n\t\t\t\t\t\t<section class=\"elementor-section elementor-top-section elementor-element elementor-element-63cc035b elementor-section-boxed elementor-section-height-default elementor-section-height-default\" data-id=\"63cc035b\" data-element_type=\"section\" data-e-type=\"section\">\n\t\t\t\t\t\t<div class=\"elementor-container elementor-column-gap-default\">\n\t\t\t\t\t<div class=\"elementor-column elementor-col-50 elementor-top-column elementor-element elementor-element-7f4596\" data-id=\"7f4596\" data-element_type=\"column\" data-e-type=\"column\">\n\t\t\t<div class=\"elementor-widget-wrap elementor-element-populated\">\n\t\t\t\t\t\t<div class=\"elementor-element elementor-element-e57514a elementor-widget elementor-widget-image\" data-id=\"e57514a\" data-element_type=\"widget\" data-e-type=\"widget\" data-widget_type=\"image.default\">\n\t\t\t\t<div class=\"elementor-widget-container\">\n\t\t\t\t\t\t\t\t\t\t\t\t\t\t\t<img fetchpriority=\"high\" decoding=\"async\" width=\"715\" height=\"953\" src=\"https:\/\/i0.wp.com\/alexanderbdsm.com\/wp-content\/uploads\/2026\/01\/tutor.jpg?fit=715%2C953&amp;ssl=1\" class=\"attachment-large size-large wp-image-745\" alt=\"\" srcset=\"https:\/\/i0.wp.com\/alexanderbdsm.com\/wp-content\/uploads\/2026\/01\/tutor.jpg?w=715&amp;ssl=1 715w, https:\/\/i0.wp.com\/alexanderbdsm.com\/wp-content\/uploads\/2026\/01\/tutor.jpg?resize=225%2C300&amp;ssl=1 225w\" sizes=\"(max-width: 715px) 100vw, 715px\" \/>\t\t\t\t\t\t\t\t\t\t\t\t\t\t\t<\/div>\n\t\t\t\t<\/div>\n\t\t\t\t\t<\/div>\n\t\t<\/div>\n\t\t\t\t<div class=\"elementor-column elementor-col-50 elementor-top-column elementor-element elementor-element-7d813ec\" data-id=\"7d813ec\" data-element_type=\"column\" data-e-type=\"column\">\n\t\t\t<div class=\"elementor-widget-wrap elementor-element-populated\">\n\t\t\t\t\t\t<div class=\"elementor-element elementor-element-429d00e elementor-widget elementor-widget-text-editor\" data-id=\"429d00e\" data-element_type=\"widget\" data-e-type=\"widget\" data-widget_type=\"text-editor.default\">\n\t\t\t\t<div class=\"elementor-widget-container\">\n\t\t\t\t\t\t\t\t\t<p><span style=\"color: #ffffff;\"><strong>Tutor\u00eda en BDSM: Un Enfoque Educativo y Personalizado.<\/strong><\/span><\/p><p>El BDSM es un lenguaje de confianza, negociaci\u00f3n y expresi\u00f3n. Aprenderlo requiere de un mapa, no solo de instinto. Como tu tutor, yo te proporciono ese mapa.<\/p><p>Mi enfoque de ense\u00f1anza:<\/p><p>\u00b7 De lo b\u00e1sico a lo avanzado: Comenzamos por cimientos s\u00f3lidos (seguridad, negociaci\u00f3n, psicolog\u00eda del poder) antes de explorar t\u00e9cnicas espec\u00edficas.<\/p><p>\u00b7 Teor\u00eda aplicada a la pr\u00e1ctica: Cada concepto se traduce en ejercicios, di\u00e1logos y herramientas que puedes usar.<\/p><p>\u00b7 \u00c9nfasis en la introspecci\u00f3n: Te ayudo a entender por qu\u00e9 ciertas din\u00e1micas te atraen, para practicarlas con mayor conciencia.<\/p><p>\u00bfQu\u00e9 me diferencia?<\/p><p>Mi experiencia no es solo pr\u00e1ctica; es pedag\u00f3gica y comunitaria. He visto las preguntas, errores y \u00e9xitos de cientos de personas. Eso me permite anticipar dudas y ofrecer soluciones probadas. No vendo fantas\u00edas; ofrezco competencias reales para tu desarrollo.<\/p><p>Temas centrales que abordo:<\/p><p>\u00b7 Negociaci\u00f3n de escenas y contratos.<\/p><p>\u00b7 Gesti\u00f3n emocional (para quien ejerce y quien recibe el poder).<\/p><p>\u00b7 Protocolos y din\u00e1micas de Dominaci\u00f3n\/sumisi\u00f3n.<\/p><p>\u00b7 T\u00e9cnicas de juego (impacto, restricci\u00f3n, etc.) con absoluto enfoque en seguridad.<\/p><p>\u00b7 Integraci\u00f3n del BDSM en la vida y relaciones de manera sana.<\/p><p><a href=\"https:\/\/alexanderbdsm.com\/?page_id=138\">Solicita una cotizaci\u00f3n dando click en este texto.<\/a><\/p>\t\t\t\t\t\t\t\t<\/div>\n\t\t\t\t<\/div>\n\t\t\t\t\t<\/div>\n\t\t<\/div>\n\t\t\t\t\t<\/div>\n\t\t<\/section>\n\t\t\t\t<\/div>\n\t\t","protected":false},"excerpt":{"rendered":"<p>Tutor\u00eda en BDSM: Un Enfoque Educativo y Personalizado. El BDSM es un lenguaje de confianza, negociaci\u00f3n y expresi\u00f3n. Aprenderlo requiere de un mapa, no solo de instinto. Como tu tutor, yo te proporciono ese mapa. Mi enfoque de ense\u00f1anza: \u00b7 De lo b\u00e1sico a lo avanzado: Comenzamos por cimientos s\u00f3lidos (seguridad, negociaci\u00f3n, psicolog\u00eda del poder) &#8230; <a title=\"Tutor BDSM\" class=\"read-more\" href=\"https:\/\/alexanderbdsm.com\/?page_id=27\">Read more<span class=\"screen-reader-text\">Tutor BDSM<\/span><\/a><\/p>\n","protected":false},"author":1,"featured_media":0,"parent":0,"menu_order":0,"comment_status":"closed","ping_status":"closed","template":"","meta":{"om_disable_all_campaigns":false,"_monsterinsights_skip_tracking":false,"_monsterinsights_sitenote_active":false,"_monsterinsights_sitenote_note":"","_monsterinsights_sitenote_category":0,"footnotes":""},"class_list":["post-27","page","type-page","status-publish"],"jetpack_sharing_enabled":true,"_links":{"self":[{"href":"https:\/\/alexanderbdsm.com\/index.php?rest_route=\/wp\/v2\/pages\/27","targetHints":{"allow":["GET"]}}],"collection":[{"href":"https:\/\/alexanderbdsm.com\/index.php?rest_route=\/wp\/v2\/pages"}],"about":[{"href":"https:\/\/alexanderbdsm.com\/index.php?rest_route=\/wp\/v2\/types\/page"}],"author":[{"embeddable":true,"href":"https:\/\/alexanderbdsm.com\/index.php?rest_route=\/wp\/v2\/users\/1"}],"replies":[{"embeddable":true,"href":"https:\/\/alexanderbdsm.com\/index.php?rest_route=%2Fwp%2Fv2%2Fcomments&post=27"}],"version-history":[{"count":5,"href":"https:\/\/alexanderbdsm.com\/index.php?rest_route=\/wp\/v2\/pages\/27\/revisions"}],"predecessor-version":[{"id":780,"href":"https:\/\/alexanderbdsm.com\/index.php?rest_route=\/wp\/v2\/pages\/27\/revisions\/780"}],"wp:attachment":[{"href":"https:\/\/alexanderbdsm.com\/index.php?rest_route=%2Fwp%2Fv2%2Fmedia&parent=27"}],"curies":[{"name":"wp","href":"https:\/\/api.w.org\/{rel}","templated":true}]}}